11) to base 9
147663
Convert 409322 (base 10) to base 4.
1203323222
100100013033 (base 4) to base 8
20200717
What is 7a4df (base 16) in base 6?
14423131
Convert -67798a (base 11) to base 7.
-12113432
d6c419 (base 14) to base 7
115450232
34db9a (base 15) to base 6
130055344
1231311300 (base 4) to base 10
449904
-4aa1c (base 15) to base 2
-111010001110111111
Convert -435203a (base 11) to base 10.
-7645307
What is 1030032 (base 5) in base 4?
10101231
What is -a28d4 (base 15) in base 12?
-20a047
Convert -384a09 (base 12) to base 4.
-3200302221
What is 22401047 (base 8) in base 7?
56140366
What is 157083 (base 10) in base 15?
31823
What is a25b90 (base 12) in base 5?
1122240444
Convert 595011 (base 13) to base 12.
865569
Convert 96398 (base 16) to base 12.
258108
-4c866a (base 14) to base 12
-a7121a
94815 (base 16) to base 4
2110200111
Convert -2032132 (base 5) to base 9.
-50750
What is 23313222221 (base 4) in base 10?
3111593
Convert -a0a7a07 (base 11) to base 16.
-110b6aa
Convert 2002112011012 (base 3) to base 12.
457a1b
What is 15390 (base 15) in base 5?
4141220
What is 131213101 (base 4) in base 5?
12340142
Convert 1003222213 (base 4) to base 11.
17a263
Convert -573046 (base 14) to base 13.
-7cb22c
-1843a7 (base 15) to base 10
-1178707
What is -4880558 (base 9) in base 6?
-132453342
Convert 1430696 (base 14) to base 13.
2050593
-57b28 (base 13) to base 10
-160077
242482 (base 11) to base 12
1661ba
Convert -3cbb77 (base 13) to base 4.
-11221333233
-10021113 (base 6) to base 16
-450a5
Convert 13533165 (base 7) to base 10.
1268853
Convert 125310 (base 6) to base 4.
2310222
Convert -14dd3a (base 14) to base 10.
-729760
15bc7a5 (base 13) to base 4
122303013213
-170181 (base 12) to base 3
-202000202221
Convert 21201021110 (base 3) to base 12.
73a49
-16121 (base 11) to base 14
-8427
-19698 (base 14) to base 15
-1414c
What is -e701c1 (base 15) in base 4?
-221322020233
177292 (base 10) to base 9
300171
-1150854 (base 9) to base 10
-623992
What is -101101100011011010111 (base 2) in base 10?
-1492695
What is 1177241 (base 8) in base 12?
139515
220130104 (base 6) to base 11
2245302
Convert -19389 (base 11) to base 4.
-12213020
Convert 2450000 (base 6) to base 14.
359ba
Convert -123cc (base 15) to base 11.
-3a838
What is 2002641 (base 9) in base 15?
1607ad
What is 6611401 (base 7) in base 11?
503360
7114c7 (base 13) to base 4
22002033320
Convert -27a9 (base 15) to base 4.
-2010210
12000131212 (base 4) to base 3
2222000011101
What is 10451315 (base 6) in base 5?
40132410
What is 412032342 (base 5) in base 12?
688981
Convert 112311103 (base 4) to base 10.
93523
What is b0944 (base 16) in base 14?
14b820
Convert 1333204140 (base 5) to base 15.
476415
What is 30365374 (base 8) in base 11?
3693331
What is 1032022343 (base 5) in base 9?
4153663
What is 2131301141 (base 5) in base 16?
458685
Convert -32340134 (base 5) to base 8.
-1036050
What is 160691b (base 13) in base 5?
3302204134
What is 1576552 (base 8) in base 10?
458090
What is -11568553 (base 10) in base 11?
-6591697
Convert 34002444 (base 5) to base 15.
5d119
10050361 (base 7) to base 4
3030002122
Convert 12322000 (base 4) to base 8.
67200
Convert 66253144 (base 7) to base 12.
1aa70a1
Convert 4336560 (base 7) to base 11.
332692
-1350892 (base 10) to base 4
-11021303230
-5a866 (base 12) to base 13
-43803
What is 27701 (base 12) in base 3?
2202212101
Convert 12010202111 (base 3) to base 7.
600625
Convert -1110101 (base 7) to base 12.
-6728b
-1584ab (base 14) to base 13
-204850
Convert -67491 (base 11) to base 7.
-554656
Convert 2792d (base 16) to base 10.
162093
-562 (base 15) to base 8
-2301
What is -544151222 (base 6) in base 3?
-200021202222012
Convert -1504301 (base 8) to base 12.
-187995
Convert 162a20 (base 11) to base 12.
10235b
What is 24417 (base 11) in base 7?
204233
Convert -1201101002010 (base 3) to base 16.
-ded7d
What is 1441251 (base 8) in base 2?
1100100001010101001
What is 12033041 (base 5) in base 7?
643333
-16203654 (base 9) to base 6
-445240551
Convert -b5b025 (base 13) to base 7.
-51064150
What is -2102361 (base 10) in base 12?
-854789
What is 201333100 (base 4) in base 8?
417720
1533430 (base 7) to base 12
a1731
743969 (base 14) to base 7
45251262
Convert 3505763 (base 8) to base 15.
13c706
What is -79785 (base 15) in base 6?
-12141042
-11233203300 (base 4) to base 14
-2b2932
What is 1b4151 (base 12) in base 5?
110442140
What is 3c38 (base 13) in base 11?
6569
What is 47bc6 (base 15) in base 12?
b0496
1443117 (base 9) to base 7
6524116
Convert 4031423 (base 6) to base 16.
2e9a7
463a85 (base 12) to base 14
214741
-346770 (base 8) to base 11
-80943
Convert -2701aa (base 14) to base 8.
-5102612
Convert 1120210022020 (base 3) to base 8.
3154751
Convert -261956 (base 11) to base 4.
-1210230031
What is -16f0aa (base 16) in base 15?
-1ea6bc
What is -1f059 (base 16) in base 6?
-2420133
Convert -110011001001101010101 (base 2) to base 5.
-412113432
17278835 (base 10) to base 7
266603420
What is 122210001011 (base 3) in base 6?
11300051
What is -102073 (base 10) in base 6?
-2104321
174437 (base 12) to base 9
671687
Convert dd94 (base 14) to base 8.
112716
What is -414758b (base 12) in base 2?
-101110111000001001111011
What is 15165152 (base 7) in base 10?
1444802
What is -2815327 (base 9) in base 2?
-101111001011000010100
What is 5c91 (base 15) in base 4?
10303333
Convert -1101101011110010011000 (base 2) to base 13.
-987a24
Convert -8a83a (base 11) to base 15.
-28e34
-344443242 (base 5) to base 11
-977883
What is 122001112110 (base 3) in base 16?
51f72
Convert -b1377 (base 12) to base 16.
-383cb
35a93a (base 11) to base 15
b41d5
Convert 4687848 (base 9) to base 10.
2538341
What is -deb5 (base 16) in base 15?
-11d5d
-255a5 (base 13) to base 10
-69087
What is 2202110102 (base 3) in base 14?
15ad3
Convert -6712515 (base 8) to base 9.
-3354617
-34041234 (base 5) to base 8
-1111061
Convert 22021222210 (base 3) to base 7.
1250031
-174b84 (base 16) to base 13
-415b65
Convert 1613984 (base 11) to base 4.
22201100302
799642 (base 12) to base 13
53134a
1a5a965 (base 12) to base 9
11470125
Convert 308bc2 (base 14) to base 5.
404402000
-10515042 (base 6) to base 12
-135a82
Convert 2022202220 (base 3) to base 16.
b2c2
Convert 48a83 (base 13) to base 7.
1064361
-2421152 (base 9) to base 16
-140921
-34020422 (base 5) to base 11
-194085
What is -67137 (base 10) in base 16?
-10641
Convert -2959448 (base 11) to base 4.
-103113310131
What is -3539b (base 12) in base 13?
-26663
Convert 1673e (base 15) to base 5.
4310014
-612b8 (base 15) to base 16
-4b224
Convert -8a5bb (base 14) to base 16.
-52029
Convert -235451610 (base 7) to base 8.
-67751101
What is 10101010100011001111 (base 2) in base 11?
437939
Convert -1399819 (base 11) to base 14.
-466614
What is -83b26 (base 13) in base 14?
-62506
What is -2864515 (base 11) in base 13?
-1035abb
301430 (base 9) to base 3
100001111000
-1220210211 (base 4) to base 14
-b2149
What is -1200020200120 (base 3) in base 4?
-3121123302
Convert -3765771 (base 8) to base 3.
-1222000100021
302002032310 (base 4) to base 3
220200101020101
What is 2100320132 (base 4) in base 15?
bac78
22011000012222 (base 3) to base 6
232452125
Convert 460100 (base 7) to base 11.
56408
Convert 6643205 (base 7) to base 2.
11000111100101000000
1033200200 (base 4) to base 3
121112201122
1212112011011 (base 3) to base 6
33152004
1000110110110000101100 (base 2) to base 12
93b524
1040443430 (base 5) to base 10
2281115
What is 1000110101011101111 (base 2) in base 11?
18857a
-385922 (base 11) to base 6
-21011013
-36608 (base 14) to base 4
-200130200
What is -2101021020000 (base 3) in base 2?
-100110100110101010001
What is -496739 (base 11) in base 5?
-200103343
10110101000010011110 (base 2) to base 13
1cc6a1
-1927 (base 10) to base 3
-2122101
Convert 1111101011011101000000 (base 2) to base 7.
46635633
123023231 (base 4) to base 16
1b2ed
Convert -2221122200 (base 3) to base 9.
-87580
-111120010112 (base 3) to base 8
-1011235
Convert -563320 (base 9) to base 8.
-1222243
What is 53200 (base 11) in base 13?
2932c
What is -2693850 (base 10) in base 11?
-157aa25
Convert 36c131 (base 13) to base 12.
5331a2
What is 3366164 (base 7) in base 5?
101414202
What is 1438627 (base 9) in base 4?
3001300333
What is -10200230